t is the value of 15 - (1 - -8 - -5)?
1
What is the value of (24 - 10) + -3 + -2 + 3?
12
What is the value of -17 + -2 + 8 - -3?
-8
-3 + -3 + -4 + (1 - -7)
-2
What is the value of 34 + 2 + -5 + (61 - 63)?
29
Evaluate -5 - (-10 + 34 + -10) - -7.
-12
What is the value of -8 + (-4 - 2) + 0 + 1 + 1?
-12
Evaluate -3 - -17 - (-3 - -21).
-4
Evaluate (14 - 32) + 19 - (-13 - 1).
15
Calculate -19 - (-29 + 14 - 1).
-3
What is 18 + (-27 - -6) + 12?
9
Evaluate (17 - (11 - 23)) + -21.
8
Calculate 6 - (15 + -32 + 11).
12
Evaluate (-1 - -2 - 9) + 52 + -61.
-17
What is the value of -23 + -7 + -12 + 34?
-8
(-24 - 0) + 29 + -24 + -3
-22
What is the value of (3 - 23) + 30 + (2 - 0) + -34?
-22
What is the value of (30 - (7 + -4)) + (-18 + -16 - -24)?
17
(-23 - -67) + -54 + (0 - -15)
5
-163 + 166 + -4 + -2
-3
What is -3 + (-8 - (-2 + -11)) + -3?
-1
What is 11 + -7 + (-2 - 1) + -259 + 271?
13
Evaluate 40 + -72 + -6 + 62.
24
What is -20 + -1 + -1 + (15 - 5)?
-12
What is 22 + 0 - (-437 - -434)?
25
What is the value of -3 + -10 + (-5 - -14)?
-4
What is (-2 - 3) + 30 + -20?
5
What is the value of -1 - -2 - (-38 + 25)?
14
Calculate (480 - 475) + (1 - 2 - 11).
-7
Evaluate (10 - (10 - 0)) + (0 - -2 - -7).
9
Evaluate (-88 - -94) + 0 + -1.
5
(21 - (3 - 3)) + 2 + 15 + -22
16
What is the value of -1 - (-9 + 2) - 7 - (-2 - -4)?
-3
What is the value of -10 + (19 - -17) + -5?
21
What is -5 + 6 + -10 + 4?
-5
What is 10 + (22 - 46) + 4?
-10
Calculate (2 - -2 - (-3 + 8)) + (30 - 3).
26
(-59 - -67) + -5 + 3
6
What is the value of 12 + -3 + 12 + -1 + -18?
2
Evaluate 6 + 5 + -3 + 5 + 14 + -18.
9
Calculate -2 + 2 + 10 + (2223 - 2215).
18
What is 0 + 17 + (215 - 226)?
6
Calculate -2 - -3 - (61 + -65) - 33.
-28
What is (10 + 1 - 0) + (-1 - (-36 - -41))?
5
What is the value of (3 - -5) + 0 + (-14 - -20)?
14
What is 10 - (-84 - -91 - (2 - (-32 + 4)))?
33
Evaluate 20 + 18 - 23 - (-4 + 33).
-14
What is (28 + -28 + (1 - 4) - -4) + -24?
-23
What is the value of 113 + -117 + (-5 - -2) - 9?
-16
What is -23 - (-24 - (-11 - 6))?
-16
Evaluate -35 + 23 + -29 + 17.
-24
What is -9 + (-1 - (2 + 9 + -52)) + 5?
36
(-2 - (1 - -5)) + 10
2
What is -1847 + 1856 - ((-11 - 1) + 0)?
21
What is the value of -20 + 84 + -55 + (1 - 5)?
5
What is the value of 0 + (-14 - -7) - 19?
-26
What is -3 + (5 - 7) + 3 + 2?
0
34 + -23 - (-12 - (-1 + -2))
20
-21 + 7 + (3 - (-10 - -5))
-6
Calculate 1 + (8 + -6 - 8 - -8).
3
Evaluate -4 + (5 - 1) - (-5 + 2).
3
What is the value of (-12 - -6 - -7) + (-6 - -10)?
5
Evaluate (-2 - (2 + -3)) + (8 + -23 - -10).
-6
-14 + (-28 - (-14 + 11)) + 13
-26
What is (-11 - -9) + (1 - 0) + 8 - -9?
16
What is -26 + (5 - (-19 + 17))?
-19
What is the value of 31 - ((-19 - -5) + 5) - 12?
28
What is the value of 207 + -189 - (3 + 48)?
-33
20 - (-3 + 12 - (5 + -1))
15
Evaluate -32 + 16 + 20 - (1 + -7).
10
Calculate (10 - 1) + -46 + 62.
25
Calculate 14 + (-3 - (-4 - -4)) + (-13 - -9).
7
What is the value of (1 - 10) + -14 + 8?
-15
(10 + -3 - 8) + -7
-8
Calculate -7 + (8 + 0 + -6 - 5) + 2.
-8
-291 + 290 + 0 + -10
-11
Evaluate -6 - (160 - 165 - (0 + 1 - 12)).
-12
What is the value of (1 - 5) + (-82 - -69) + 12 + -1?
-6
(18 - 15) + (-7 - 7)
-11
-36 - -30 - (0 + (-2 - (8 + -5)))
-1
Evaluate (5 - 1 - -6) + -26 + -6.
-22
Calculate (-1 - 9) + (67 - 47).
10
Evaluate (23 - (19 - -16)) + 28.
16
-7 + (2 - 0 - ((-4 - -9) + -7))
-3
Evaluate (-19 - (0 - 25)) + -15.
-9
What is 8 + -2 - (6 - (1 - 6))?
-5
-3 + (23 - (3 - (3 + 4))) + -2
22
-12 + (4 - -14 - 18 - (1 + -6))
-7
Evaluate -182 + 208 + 10 + (0 - -2).
38
What is -5 + 0 + (3 - -10 - 21)?
-13
(15 - 24) + 14 - (-1 - -9)
-3
What is 10 - ((-101 - -107) + (-1 - -8))?
-3
0 + -10 + (20 + -7 - 5) + 0
-2
Calculate -38 - -2 - (125 + -140).
-21
4 + (6 - (-1 + 9) - -14)
16
Evaluate 8 + -6 + 6 + -2 + -60 + 46.
-8
-11 + -23 + 17 + -2
-19
-1 + -6 + (-141 - -141) + (-18 - 3)
-28
Calculate -13 - (-16 + 17 + -4 + -3).
-7
What is the value of 21 + -34 + 19 - -9?
15
Calculate (1 + 1 - 24) + (-61 + 25 - -30).
-28
What is 38 + -29 + (0 - (-11 - -18))?
2
Calculate (-20 - (14 - 17)) + 16.
-1
(-6 - (1 + (-4 + 9 - -4))) + -6
-22
-25 - (22 - (22 + 16))
-9
What is the value of (28 - 2) + -225 + 192?
-7
Calculate 3 - (20 - 22 - -13).
-8
What is 1 - 8 - (46 + (23 - 77))?
1
What is (-24 + 24 - 22) + 20 + (0 - -1)?
-1
37 + -60 - (-34 - -5)
6
Calculate -36 + (11 - (-15 + 11 + 12 + -4)).
-29
0 + (3 - 2) + 2 - (0 + 13)
-10
Evaluate -17 + (12 + 4 + -2 - 7).
-10
Evaluate -91 - -85 - (2 + -2 + 3 + -8).
-1
Calculate 2 + 49 + (42 + -68 - -9).
34
Evaluate 7 - ((-1 - -5) + 6).
-3
What is (-1 - -1) + 29 + -8 + 12 + -7?
26
Calculate (-25 - -38) + 11 + -4.
20
What is -3 - 17 - (-10 - (14 + -19))?
-15
What is the value of 18 - (-9 + 14 + 8 + -14)?
19
What is 37 + 9 + -35 + -13?
-2
What is 2 + -3 + (1 - -1) - (16 + -16)?
1
Calculate -9 + -2 - (1 + 0 + (-71 - -71)).
-12
Calculate (10 - -5) + (-8 - -17 - 14 - 6).
4
Calculate -21 - (-25 - 1) - 23.
-18
What is the value of -39 + (-40 - -43) + 10?
-26
Calculate (17 + -17 - -9) + -12.
-3
Calculate -11 - (12 + -13) - -3.
-7
Evaluate (7 - 14) + -11 - (-7 - 7).
-4
What is -13 - -14 - (-14 + -1)?
16
-5 + 7 + -1 + -2 - (1 + 1)
-3
Evaluate (-15 + 17 - 11) + 12.
3
What is 6 + (-40 - -46) + -4 + -40 + -3?
-35
Calculate 8 - -2 - (-34 + 38) - (12 - 22).
16
What is the value of 1 + 6 - ((-9 - (6 + -12)) + 14)?
-4
Evaluate 16 + (-14 - -14 - (3 + 2)).
11
-1 + 7 + -44 + 25
-13
Evaluate 3 + -2 + -4 + (58 - 25) + -26.
4
Calculate (18 - (93 + -72)) + (-1 - (5 - 0)).
-9
Calculate (-4 - -15 - 11) + 4 + -12.
-8
-1 + -25 + (-68 - -25 - -52)
-17
Calculate 9 + (-24 - -7 - -13) + 14 + 0.
19
What is -2 - 10 - ((4 - 3) + -4)?
-9
What is -13 - (-58 + (-42 - -71))?
16
Calculate (-181 - -167) + -1 + 8 + (1 - -1).
-5
What is the value of -11 - 1 - (118 + -144 + (21 - 3))?
-4
What is -6 + (31 - (5 + 23))?
-3
246 - 244 - (-2 - (2 + 2))
8
What is (-1 - -6) + -37 + 26 + -28?
-34
What is the value of 5 - (-23 + 17) - (-25 - -14)?
22
Calculate 15 - (12 - 5) - 3.
5
What is the value of 19 + (4 - 9 - 1) - (-2 - -3)?
12
-17 + (0 - 0) + (-12 - (9 - 26))
-12
What is 0 + -1 - (-107 + 107)?
-1
What is the value of (18 - (34 - 28)) + -30?
-18
Evaluate -58 + -20 + 50 + 48.
20
Calculate 8 - (-10 + 8 + 8 + -7).
9
5 + (4 - -1 - -3) + 5 + -6
12
Evaluate 0 + (0 - (9 - 2 - 22)).
15
(-24 - 19) + (1 + -5 - (12 + -24))
-35
Evaluate -46 + 52 + (0 - 18) + -1.
-13
Calculate (-7 - (-19 + 20)) + (-2 - -4) + 0.
-6
What is 2 - (13 - -1) - (128 - 126)?
-14
What is 6 + -5 - (-7 + (-9 - -2) + 7)?
8
What is the value of -70 - -73 - (-9 + 8)?
4
1 + -6 + 14 + (1 - 15)
-5
What is -6 + -10 + -5 + (12 - 3)?
-12
Calculate 21 - (-19 + (15 - -15)).
10
What is the value of -6 - (-2 + 4) - (-1 - 20)?
13
What is the value of (-9 + 8 - 6 - 4) + 4 + 23?
16
Calculate (-17 - (-8 - -3)) + 8 - -13.
9
What is the value of -7 - 2 - (-5 - (-7 + 1))?
-10
Evaluate -1 + -10 + 13 + 9.
11
What is (2 - -32) + 27 + -70 + 30?
21
Evaluate 8 + -16 + 5 + 9 + (-20 - 1).
-15
Calculate (29 - 53 - -1) + 18.
-5
What is the value of 10 + -8 + 2 + -14?
-10
Evaluate (33 - 28) + (0 - -5) + 1 + -2.
9
What is the value of (73 - 71) + 2 + 2?
6
What is the value of -7 + -5 + 31 + -18 + -9 + 0?
-8
What is the value of (7 - -2) + -5 + 14 + (-13 - -4)?
9
What is the value of (23 - 0) + -6 + -4 + -4?
9
Evaluate -11 - (2 - (2 - -4 - 2)).
-9
What is 7 - 0 - (-9 + 27)?
-11
Evaluate (-14 - -6) + 8 - -13 - 10.
3
Calculate -2 + (7 + 6 - 7) - (14 - -5).
-15
-13 - 0 - -14 - (11 + 17)
-27
What is 62 + (-17 - 8) + -20?
17
Evaluate 239 + -227 - (8 - (-1 + 1)).
4
What is the value of -3 + (-24 + 11 - (3 - 10)) + -5?
-14
Evaluate -25 - (-19 + -5 + 11) - -1.
-11
What is (154 - 137) + (2 - (0 + 1))?
18
11 + (-11 - (-3 + -19 + 12))
10
Evaluate 0 - (-28 - -31) - -10.
7
-21 - (-9 - (-20 + (13 - (-6 - -9))))
-22
Evaluate -3 + (27 - (3 - -7)).
14
What is the value of -1 - (-14 - (12 + -15)) - 0?
10
What is 0 + (20 - 17) - 2?
1
What is 9 + 0 + (-3 - (-9 - -6)) - -5?
14
What is the value of 8 + 1 - ((50 - 56) + 4)?
11
Calculate (-20 - -51 - 13) + -4.
14
What is 2 + -1 + (59 + -58 - 6)?
-4
(0 - -18) + 28 + -18 + 2 + -16
14
What is -4 + (-3 - -6) - -7 - (-2 + 3)?
5
(-30 - (-40 + 23)) + 22
9
Evaluate 8 - (9 + -22 + 7).
14
-3 + 0 - (-14 + (15 - -1))
-5
What is (-4 - (11 - 1)) + 12?
-2
What is -26 + 